i + 21 = 4*q - 13, -3*q + 18 = i. Calculate the remainder when i is divided by 9.
6
Suppose -s + 2*n + 149 = 13, 535 = 4*s + n. Suppose 3*f - 34 = 2*f. What is the remainder when s is divided by f?
32
Calculate the remainder when (-15)/(-3) + 5 + 0 is divided by ((-6)/9)/((-3)/18).
2
Suppose -3*i = -3*l - 168, 7 = -i - l + 61. What is the remainder when i is divided by 14?
13
Suppose 172*g - 174*g = -78. Calculate the remainder when g is divided by 25.
14
Let t = -63 + 42. Let r = 27 + t. Calculate the remainder when 14 is divided by r.
2
Suppose -3*u = -0*u + u - 36. Calculate the remainder when u is divided by ((-4)/5)/((-3)/15).
1
Let j(z) = -7*z + 36. Calculate the remainder when 28 is divided by j(4).
4
Let o(f) = -21 - 2*f**2 + 3*f + 0*f**2 + f**2 + 2*f**2. What is the remainder when o(-9) is divided by 5?
3
Let z(h) = h - 1. Let q(s) = 8*s + 1. Let y(b) = q(b) + 2*z(b). Let f be y(-1). Let x(w) = -w**2 - 13*w - 7. What is the remainder when 58 is divided by x(f)?
13
Let f(d) = -12*d - 1. Let j = -34 + 46. Calculate the remainder when f(-6) is divided by j.
11
Suppose -2*s = -205 - 13. What is the remainder when s is divided by 11?
10
Suppose 3*p + q + 45 = 2*q, -5*p - 2*q - 64 = 0. Let x = p - -16. Suppose -x*o = -9 - 13. What is the remainder when o is divided by 7?
4
Let g = 482 + -187. Calculate the remainder when g is divided by 8.
7
Let j(h) = 4*h + 17. Calculate the remainder when j(22) is divided by 18.
15
Suppose 3*s + 2*z - 2 = 2, -4*s + 2*z = -24. Let c(n) = -n + 1. Calculate the remainder when ((-6)/s)/((-3)/40) is divided by c(-10).
9
Let j = 1188 - 1100. What is the remainder when j is divided by 19?
12
Let x(p) = -2*p**3 + 4*p**2 + p - 2. Let f be x(-4). Suppose i + 5*i - f = 0. Calculate the remainder when i is divided by 11.
9
Let o(g) = 41*g**2 + 4*g - 3. What is the remainder when o(-3) is divided by 60?
54
Suppose 184 - 524 = 5*l. Let o = l - -141. Suppose 76 = -0*d + 4*d. Calculate the remainder when o is divided by d.
16
Let q(n) = -16*n**2 + 193*n + 53. Suppose 3*x = -2*x + 20, -2*j = -5*x - 24. What is the remainder when q(12) is divided by j?
21
Suppose -2*n - 152 = -5*y, 4*n = 5*y + 17 - 161. Suppose 4*w = 3*h + 32, -21 = -3*w - 0*w + 3*h. Calculate the remainder when y is divided by w.
10
Let n = -55 - -59. Suppose -5*c - n = 6, l - 26 = 4*c. Calculate the remainder when 32 is divided by l.
14
Let f(b) = -b**3 - 7*b**2 + 3*b + 7. Let k be 1 + 0 + 4/(-2). Let q(w) = 8*w. Let d be q(k). Calculate the remainder when f(d) is divided by 24.
23
Let k be (-102)/(-8) - 3/4. Let j = -6 + 2. Calculate the remainder when 41 is divided by j/(k/(-21)) - 0.
6
Let u = 14 - -18. What is the remainder when u is divided by 12?
8
Let g = 579 - 550. Calculate the remainder when g is divided by 8.
5
What is the remainder when (9/6)/((-3)/(-100)) is divided by 30?
20
Let w(h) = h**2 + 47*h + 96. Suppose -2*m - 2*m + 60 = 0. What is the remainder when m is divided by w(-2)?
3
Let u(o) = -5*o**3 + o**2 + 13*o. Let b(p) = 2*p**3 - 6*p. Let t(w) = -7*b(w) - 3*u(w). Let j = -301 - -304. What is the remainder when 26 is divided by t(j)?
8
Let h(j) = 3*j - 46. Calculate the remainder when h(33) is divided by 9.
8
Suppose 2*g + 4*l = 20, 0*g - 2*g + 3*l = 15. Suppose g = -3*i + i. Suppose -2*s + 45 + 21 = i. Calculate the remainder when 129 is divided by s.
30
Suppose 3*z = i + 727 - 253, -952 = 2*i - 4*z. Suppose 5*p - 2*r = -19, r + 4*r + 5 = -5*p. What is the remainder when 55 is divided by p/15 + i/(-25)?
17
Suppose -146*d + 159*d = 585. What is the remainder when 166 is divided by d?
31
Let h = -8 + 9. Let p be h*(4 + -6 - -2). Suppose p = -k + 24 + 82. Calculate the remainder when k is divided by 27.
25
Let n be -2*1/((-4)/(-10)). Let o = -2 - n. Calculate the remainder when o is divided by 2.
1
Let s(z) = z**3 - 9*z**2 + 10*z - 12. Let y be s(8). Let w(x) = 6*x + 15. Let h be w(y). Let p = h + -27. What is the remainder when 23 is divided by p?
11
What is the remainder when (-18)/(-4) + 5/(-10) is divided by 3?
1
Suppose -1233 + 1431 = 6*n. What is the remainder when n is divided by 2 + 0/1 - -8?
3
Let z = -582 - -663. Calculate the remainder when 309 is divided by z.
66
Let z(s) = 9*s - 157. What is the remainder when z(20) is divided by 6?
5
Let b(p) be the first derivative of 2*p**3/3 + 3*p**2/2 - 2. Calculate the remainder when b(-6) is divided by (13/(247/57))/((-3)/(-14)).
12
Let y = 16 - 5. Suppose 0 = 2*m + m - 3*q - 258, 0 = -2*m - 3*q + 192. Suppose -8*d = -5*d - m. Calculate the remainder when d is divided by y.
8
Let v(q) = q - 11. Let s be v(11). Suppose -3*m = 4*o - 60, 3*m - 4*o - 36 = -s*m. Let l = 13 - 4. Calculate the remainder when m is divided by l.
7
Let l = -17 + 19. Suppose l*o = -3 + 17. Let z(u) = u**3 - 6*u**2 - u - 14. What is the remainder when 54 is divided by z(o)?
26
Let f(s) = -s**3 + 11*s**2 - 33*s + 78. What is the remainder when 305 is divided by f(7)?
4
Suppose 2*v - 36 = -10*v. What is the remainder when 1*(-2 + v + 22 - 0) is divided by 13?
10
Suppose 0 = v - 4 + 18. Let f = v - -18. Suppose -f*d - d = -20. Calculate the remainder when 5 is divided by d.
1
Let r = 148 + -95. What is the remainder when r is divided by 1*(3 + -3) - -28?
25
Let r(u) = 6*u - 83. Let w be 20/(-5)*(-2)/2. Let q = 8 - w. What is the remainder when r(16) is divided by q?
1
Let r = 434 - 405. Calculate the remainder when 56 is divided by r.
27
Calculate the remainder when 179 is divided by (85/(-3) + 8)/(2/(-6)).
57
Let x(u) = -u**2 + u + 9*u - 6*u - u**3 + 4. What is the remainder when 38 is divided by x(-3)?
8
Suppose 3706*h - 3724*h = -54. Suppose 11 = 5*i - 4*i. Let g = -4 + i. What is the remainder when g is divided by h?
1
Suppose u - 4*o = 2*u + 1228, 5*o + 3670 = -3*u. Suppose 3*r + 0*b = b + 36, -b = 5*r - 68. What is the remainder when u/(-25) - 2/(-10) is divided by r?
10
Let a = -13 + 22. Calculate the remainder when a is divided by (-60)/(-45)*(-12)/(-8).
1
Let j(g) = -g**3 + 10*g**2 + 14*g - 11. Let c be j(11). Suppose -c = -2*n + 8. Calculate the remainder when n is divided by 4.
3
Let y = -65 + 67. Let b be (-7)/(-3) + (-1)/3. Suppose -32 = -y*s + b. Calculate the remainder when s is divided by 9.
8
Let f(m) = m**2 + 4*m - 1. Let d be f(-7). Suppose 6*r = r + d. Calculate the remainder when 25 is divided by ((-21)/r)/(33/(-88)).
11
Let i = 38 + -31. Let r = i - -2. Let d(a) = a**3 - 8*a**2 - 2*a - 8. What is the remainder when d(r) is divided by 14?
13
Let g(s) = s**3 + 21*s**2 - s + 27. Suppose -260 = -5*r + r. Suppose k + 2*u - 11 = 0, -4*k + r = 3*u + 6. What is the remainder when g(-21) is divided by k?
14
Let d(a) = -a**3 + 16*a**2 + 4*a - 15. Suppose 5*i = i + 64. Calculate the remainder when d(i) is divided by 13.
10
Suppose -4*d - 4*y = -16, -5*d = y + 2*y - 28. Calculate the remainder when -1 + (-95)/(-2)*d/10 is divided by 23.
14
Suppose 56 = 4*b - 2*c, 0 = 3*c + 5 + 1. Let m(a) = 14*a - 10. Calculate the remainder when m(b) is divided by 44.
40
Suppose 5*n - 23 = -4*y, 5*y + 0*n - 7 = n. Suppose 7*h = y*h + 135. What is the remainder when h is divided by 10?
7
Suppose -5*p = 19 + 6, -475 = -5*x + 4*p. Suppose x + 23 = 6*w. Calculate the remainder when 53 is divided by w.
15
Suppose 151*f - 142*f - 3132 = 0. Calculate the remainder when f is divided by 70.
68
Suppose 0 = -5*w - 23 + 148. Let v = -10 + 32. Calculate the remainder when v is divided by (16/5)/(10/w).
6
Let t(n) = n**3 + n**2 - n + 28. Let x be t(0). Suppose 10*o - 2*s - 35 = 5*o, -x = -4*o + 3*s. Calculate the remainder when 60 is divided by o.
4
Suppose 3*i + 96 = 4*c - 0*i, -i - 4 = 0. Suppose 5*w = 0, 5*w - 588 = 5*u + 897. What is the remainder when u/(-21) - 3/c is divided by 8?
6
Let z be 14360/35 - 2/7. Suppose 5*x - z = -0*x. Suppose -4*m = 2*c - x, 0*m + 2*m = -5*c + 165. What is the remainder when c is divided by 16?
15
Let u be (1/(-3))/((-1)/18). Suppose -4 = u*j - 2*j. Calculate the remainder when 38 is divided by (-117)/(-18)*(1 - j).
12
Let a(y) = 58*y - 32. Calculate the remainder when a(5) is divided by 9.
6
Let g(u) = 2*u**2 - 5*u. Let s be -6*1*3/(-6). Suppose -20 = -s*t - 2*t. Calculate the remainder when g(t) is divided by 5.
2
Let k(s) = 4*s**2 + 6*s - 12. Calculate the remainder when 165 is divided by k(3